= -2*p + 129. What are the prime factors of p?
2, 3
Let m = -68 - -204. List the prime factors of m.
2, 17
Suppose u = 4, u + 17 = 3*c + 3*u. What are the prime factors of c?
3
Let w = 19 + 149. What are the prime factors of w?
2, 3, 7
Let p(o) = -o**3 + 10*o**2 + 15*o - 3. What are the prime factors of p(9)?
3, 71
Let d(v) = -5*v + 11. Let n(r) = 2 + 1 + 5 - 5*r + 4. Let h(s) = -6*d(s) + 5*n(s). List the prime factors of h(4).
2, 7
Let t(d) = -d**2 + 2*d + 1. Let l be t(-1). What are the prime factors of -51*l*4/8?
3, 17
Suppose 16 = -5*h - 2*a, 0 = 2*h + 3*a + 21 - 8. Let j = 1 - h. Suppose -5*q + j*q + 28 = 4*u, 0 = -4*u. What are the prime factors of q?
2, 7
Let p(o) = 3*o**3 + 2*o**2 - o. Let w be p(1). Let k = w + -2. Suppose m + 3*l = 0, 0*l + 6 = -k*l. List the prime factors of m.
3
Suppose -2*l + 7*d - 2*d + 205 = 0, 3*d + 541 = 5*l. What are the prime factors of l?
2, 5, 11
Suppose -5*i = 2*o - 134, -i - 84 = -4*i - 3*o. What are the prime factors of i?
2, 13
Let b = -9 + 7. List the prime factors of (-1 - b) + 11/1.
2, 3
Suppose 0 = -2*c + 5*k + 41, 5*c = 4*k - 0*k + 145. Let u be c/(-6)*(-4)/2. Let f = 22 - u. List the prime factors of f.
11
Suppose -4*k + 5*y + 12 = 0, -3*k + 4*y + 3 = -2*k. Suppose -k*t + 50 = 5*o, 2*o - 3*t = -10 + 51. List the prime factors of o.
13
Suppose c + d - 9 = 0, -c - 6*d = -2*d - 12. Let h be ((-3)/(-12))/(1/c). Suppose -o + 3*k + k = -23, h*o = -k + 10. What are the prime factors of o?
7
Let d(x) = -x**2 - 6*x - 2. Let w be d(-5). Suppose -i = w*u - 13, i + 2*u - 7 = 4. Suppose 8 = 5*v - i. What are the prime factors of v?
3
Suppose 2 - 1 = -v + m, v - 3*m = -1. Suppose 3*b + 8 = n, -13 = -2*n - 0*n + 3*b. List the prime factors of 6 - n - (-4 - v).
2
Let v(b) be the second derivative of -b**3 - b**2/2 - 5*b. What are the prime factors of v(-1)?
5
Suppose r - 4 = 2*r. Suppose 2*j - p + 6 = 0, 2*j + j + 2 = -2*p. Let y = j - r. What are the prime factors of y?
2
Let l(w) = w**3 - 4*w**2 + 4*w - 5. Let g(h) = -h**2 - 5*h + 4. Let s be g(-5). What are the prime factors of l(s)?
11
Let z(y) = 7*y**2 + 15*y + 3. Let q(a) = 6*a**2 + 14*a + 4. Let s(w) = -6*q(w) + 5*z(w). What are the prime factors of s(-7)?
5
Suppose -2*s = 1 + 13. What are the prime factors of (-79)/s + (-4)/14?
11
Suppose 2*k - 4*k - 4 = 0, 0 = -2*c + 5*k + 36. List the prime factors of c.
13
Let f = -229 + 325. List the prime factors of f.
2, 3
Suppose -x - 2*n + 9 = 0, 2*x = -2*n + 16 - 4. Suppose -x*q + 4*h = -86, -4*q + 5*q - 5*h - 36 = 0. What are the prime factors of q?
2, 13
Suppose 0 = 3*k - k - 88. Suppose 0 = -v + 5*s + k, 33 = 2*v - 0*v + s. List the prime factors of v.
19
Suppose -6 = -2*m + 2*u, -5*m + 6*u + 14 = 2*u. Let h be 0 - (-1)/(1/40). Suppose -m*y + h = 3*y. What are the prime factors of y?
2
Let w = -10 - -5. Let f be (w + -1)/(-3) + 2. Suppose b + b - 10 = -2*o, 3*o - 15 = -f*b. What are the prime factors of o?
5
Let c(d) = -d**3 - d**2 + d + 120. What are the prime factors of c(0)?
2, 3, 5
Suppose -5*u = -4*j + 155, u + 3*j + 17 = j. What are the prime factors of u/(-4) - (-1)/4?
7
Suppose -q - 2 = 0, -2*z + 3*q + 41 = 7. What are the prime factors of z/(-63) + 202/18?
11
Suppose -h - 2*h = -75. Suppose 5*i + 4*q - 22 = 3, 5*q + h = 5*i. What are the prime factors of i?
5
Let j(a) = -a**3 + 24*a**2 - 15*a + 41. List the prime factors of j(23).
3, 5
Let l(y) = -2*y + 4. Let u be l(-5). Let n = u + 4. What are the prime factors of n?
2, 3
Let j(u) = -u**3 + 9*u**2 + 10*u. Let d be j(10). What are the prime factors of 2/(d + 4/32)?
2
Suppose -3*t = 4*c + 81 - 853, 254 = t + 3*c. List the prime factors of t.
2, 5, 13
Suppose -8*x + 4*x = -964. What are the prime factors of x?
241
Let b be -201*(1 - 16/12). Suppose -4*r + 4*a + 69 = -63, 3*a + b = 2*r. What are the prime factors of r?
2
Let j = -10 - -67. What are the prime factors of j?
3, 19
Suppose y - 3*i - 117 = 0, -y + 4*y - 407 = -5*i. List the prime factors of y.
3, 43
Suppose -2*a = 2*a - 44. What are the prime factors of a?
11
Let p(b) = 2*b - 5. Let x be (-75)/(-9) - (-4)/6. List the prime factors of p(x).
13
Let r(c) = 2*c**2 + 49*c - 59. List the prime factors of r(-28).
137
Let q(w) = -2*w - 1 - 3*w + 3*w. Let i be q(-5). Let y = i - 1. What are the prime factors of y?
2
Suppose 2*w - 2 = 2. What are the prime factors of (-2)/2 - (-6 - w)?
7
Let u(i) = 22*i**3 - i. List the prime factors of u(1).
3, 7
Let b = 29 - -58. What are the prime factors of b?
3, 29
List the prime factors of (-98)/(-5) + 18/45.
2, 5
Suppose -2*c + 3*g + 21 = 2*c, 0 = 4*c + 2*g - 6. List the prime factors of c.
3
Suppose 0 = -s + 1, 4*s = 2*c - 0*c - 392. What are the prime factors of c?
2, 3, 11
What are the prime factors of 3/(-9) - (-28)/3?
3
Suppose 7*w - 414 = -113. What are the prime factors of w?
43
Let z(g) = 3*g + 1. List the prime factors of z(1).
2
Let d = 94 - 52. What are the prime factors of d?
2, 3, 7
Suppose 3*j + u = 565, -5*u + 4*u + 753 = 4*j. What are the prime factors of j?
2, 47
Let d(w) = 4*w - 7. Suppose -16 = -4*j + 4. Let t be d(j). Suppose 0 = 4*i + t - 45. What are the prime factors of i?
2
Suppose -a + 4 - 3 = 0. Suppose 4*t + 41 - 105 = 0. Let k = t + a. What are the prime factors of k?
17
Let c be 1/(2 + 10/(-6)). Suppose g = c*g - 34. What are the prime factors of g?
17
Suppose -12 = 2*g + j + 13, -4*j = 4*g + 48. Let a = 19 + g. Let w = 12 - a. List the prime factors of w.
2, 3
What are the prime factors of ((-31)/4)/((-9)/36)?
31
Let d(u) be the first derivative of u**4/4 - 2*u**3/3 - 3*u**2/2 - 2*u + 1. Let x be d(3). What are the prime factors of x/(-2) - (-56)/8?
2
Suppose 4*r + 3*n + 181 = 1296, -4*r = 2*n - 1110. What are the prime factors of r?
5, 11
Let j be -22*(2 - 7/2). List the prime factors of -2*(j/(-6) + 0).
11
Let q = 147 - 96. What are the prime factors of q?
3, 17
Suppose 1 + 0 = -w. What are the prime factors of 56/(-6)*-3 - w?
29
Suppose -5*y + 0*y = -95. List the prime factors of y.
19
Let s(i) = i + 14. Let b(w) = -w - 1. Let x(k) = 2*b(k) + s(k). List the prime factors of x(9).
3
Let w(q) = -9*q - 2. Let g = -1 - 1. What are the prime factors of w(g)?
2
Suppose -4*d - 5*z = -32, 2*z - 8 - 12 = -4*d. Suppose -3*m = 0, -4*w + m + 116 = d*m. List the prime factors of w.
29
Let q(i) = 25*i**2 + i. Let b be q(-1). Let n(d) = -5*d**2 - 3*d - 2. Let t be n(-2). What are the prime factors of t/(-6)*b/4?
2
Let y(n) = 2*n**2 + 13*n + 8. List the prime factors of y(-7).
3, 5
Suppose -3*p = -2*p - 41. List the prime factors of p.
41
Let h(c) = c**3 - 3*c**2 + c + 3. Suppose 2 = -2*j - 2. Let s = 1 - j. What are the prime factors of h(s)?
2, 3
Suppose 3*y = -2*v - 2*y - 109, 4*y - 154 = 2*v. Let c be v/(-3) + 8/12. Suppose -4*l = -c - 29. What are the prime factors of l?
13
Let f(z) = -z**2 + 8*z + 17. Let r(j) = -j**2 - 7*j - 2. Let y be r(-5). List the prime factors of f(y).
17
Let b(l) = l + 78. Let h be b(0). Let o = h + -35. Let z = o - 31. What are the prime factors of z?
2, 3
Suppose -8*c = -3*c - 75. What are the prime factors of c?
3, 5
Let i = 6 - 0. What are the prime factors of i?
2, 3
Let z(d) = d - 2. Let b be z(4). Suppose -20 = 4*c, -3*w - b*c = 2*w - 60. Let p = w + -2. What are the prime factors of p?
2, 3
Suppose 0 = -3*y - a - 34, 4*y - 5*a + a + 56 = 0. Let s = y + 26. What are the prime factors of s?
2, 7
Let y be (-635)/(-25) + 3/5. Suppose -5*g - y = v, 26 = -3*v - 5*g + 3*g. Let f = v + 11. What are the prime factors of f?
5
Let k be -1 - (-5*1 - -1). Let c(f) = 4*f + 0*f - k*f + f**2. What are the prime factors of c(-2)?
2
Let c(x) = x**3 - 5*x**2 + 2*x - 6. Let q be c(5). Suppose -3*z + 5*u + 24 = 2*u, q*z = u + 26. Suppose 30 = -m + z*m. What are the prime factors of m?
2, 3
Let g(k) = -k**2 + 8*k - 2. Let a be -3*(-5)/((-15)/4). Let h be (-3)/(-1 - a) - -8. What are the prime factors of g(h)?
5
Let p(h) = 2 - 1 + 3*h + 4*h + h**2. What are the prime factors of p(-8)?
3
Suppose 5*h - 25 = -5*m, 4*h - h + m = 5. Let j = -7 + 19. Suppose 0 = -h*z - z + 1, a = 2*z + j. List the prime factors of a.
2, 7
Let t = 31 + -4. List the prime factors of t.
3
Suppose 2*a = 4*a - 66. What are the prime factors of a?
3, 11
Let o(z) = -z**3 + 10*z**2 + 12*z - 9. Let u be o(11). Suppose -12 = 4*g, u*h + h + 5*g = -15. List